 h + 108. Let y = -21 - -25. What is the highest common factor of y and o?
4
Suppose -3*w = 3*p + 981 - 3888, 2*w - 5*p = 1938. What is the highest common divisor of 57 and w?
57
Let o be 272/72 - ((-7)/(-9) + -1). Suppose o*a = -20, 4*a - 2*a - 50 = -4*r. Calculate the greatest common divisor of r and 5.
5
Let x = 250 + -235. What is the highest common divisor of x and 515?
5
Let g be 1 - -213*6/9. Let w(l) = -l**2 + 21*l + 35. Suppose 2*r = 17*r - 330. Let x be w(r). Calculate the highest common divisor of x and g.
13
Let g be (-69)/(-2*24/16). Suppose 3*i = 248 - 5. Suppose 5*s - 1136 = -5*p - i, 617 = 3*s - p. What is the greatest common factor of g and s?
23
Let f(t) = t**2 - 30*t + 26. Let q(d) = -d**2 + 30*d - 27. Let v(j) = 3*f(j) + 2*q(j). Let o be v(30). Calculate the highest common factor of 3 and o.
3
Let y = -11723 + 11743. Calculate the highest common divisor of 8270 and y.
10
Suppose -74*g + 42040 + 132507 = 6419. What is the highest common factor of g and 710?
142
Let u = -214 + 241. Suppose 23*j + 24 = u*j. What is the greatest common divisor of j and 4?
2
Let w be 0/(-5 - 30/(-5)). Suppose w = -4*a + 5*q + 229, -2*q - 56 = -a + 2. Let u(o) = -o**2 + 16. Let g be u(0). What is the highest common factor of a and g?
8
Let j = -33 + 4245. What is the highest common divisor of j and 52?
52
Let f be (9 - -8)*-1 - -18. Calculate the greatest common divisor of f and 317.
1
Let m be -2 + 14 + 2 + -2. Let f = -88 - -150. Suppose -22 = -b + f. What is the highest common divisor of m and b?
12
Suppose 4*h = 5*j + 7*h, -5*j = h. Suppose 3*y - 14*y - 649 = j. Let s = 93 + y. Calculate the greatest common divisor of 17 and s.
17
Suppose -4*b + 4*w = -36, -b + 2*w = -1 - 9. Let r = -339 + 383. Calculate the greatest common factor of r and b.
4
Suppose -32 = -2*p + 4*t, 0*p - 62 = -5*p + t. Let h be (28/p + -3)*-144. Calculate the greatest common factor of h and 32.
32
Suppose 32224 = 24*s + 52*s. What is the greatest common factor of s and 583?
53
Let m(t) = 13*t**2 + 22*t - 50. Let n be m(-5). What is the highest common divisor of n and 1045?
55
Suppose -4*p = -2*y + 292, 3*p - 81 - 558 = -4*y. Suppose 5*k - y - 79 = 0. Let m be (3 + -285)*9/(-6). What is the highest common divisor of k and m?
47
Let q be 13 - (1 + -2 + -1). Let w = -160 - -56. Let t = w + 109. What is the highest common factor of q and t?
5
Let x = 10504 + -10426. What is the highest common divisor of 384 and x?
6
Let v(n) = -3*n + 84. Let k be v(18). Suppose -k*i = -39*i + 4914. Calculate the highest common factor of 42 and i.
42
Suppose -2*n + 5*r = -21, 2*r = -10 + 4. Suppose -a - 51 = -2*y, 15*a - 13*a - 42 = -2*y. Calculate the greatest common factor of y and n.
3
Suppose -87*b + 42*b = 99*b - 357408. What is the greatest common divisor of b and 2044?
146
Suppose -2*w - 39 = -3*f, 4*w = -w. Let r(v) = -4*v + v**3 + 11*v - 18 - 4 + f*v**2 - 2*v**2. Let u be r(-9). Calculate the greatest common divisor of u and 11.
11
Let h(s) = -2*s - 30. Let u be h(-10). Let r(q) = q**3 + 10*q**2 + 4*q + 50. Let w be r(u). Calculate the greatest common factor of w and 55.
5
Let n = -3373 - -4228. Calculate the greatest common divisor of 144 and n.
9
Let v be ((-4503)/(-6) + 12)/(-4*3/(-24)). What is the highest common factor of 25 and v?
25
Let m = 3898 + 614. Calculate the greatest common factor of 141 and m.
141
Suppose 125*k - 45 = 2205. Suppose -3*l + 30 = 3*i, -3*l - 5*i + 10 = -6*l. Suppose j - 3*j - 16 = l*g, -g = 4. What is the greatest common divisor of k and j?
2
Suppose -5*k = 3*k + 560. Let f be ((-4 - -2) + 0)/(7/k). Let a(w) = w - 3. Let t be a(7). Calculate the highest common divisor of t and f.
4
Let t = -75 - -92. Suppose t*u - 16*u - 2 = 0. Calculate the greatest common divisor of u and 206.
2
Let o be -12 + 17*(8 + 1032). What is the greatest common divisor of o and 28?
28
Suppose 17*g + 1784 - 7598 = 0. Calculate the highest common factor of 570 and g.
114
Let i be (-15)/(-2)*32/9*(-720)/(-100). Calculate the greatest common factor of i and 832.
64
Let x(k) = k**2 + 9*k + 17. Let g be x(-9). Let t(b) = -20 + 27*b + 9*b - g*b. Let l be t(11). Calculate the greatest common factor of l and 27.
27
Let n(s) = -s**3 - 22*s**2 + 23*s + 1. Let k be n(-23). Let t be 1*((-3)/(-3) + -2). Let f be (2 - -5) + -3 - t. What is the highest common factor of k and f?
1
Suppose 2*w = -2*f - 18, 3*f + 29 = -0*f - w. Let c = f - -18. Let l be 50 + 3 - -9*1/3. Calculate the highest common divisor of l and c.
8
Suppose 48*n - 93200 = -49*n + 17*n. Calculate the highest common divisor of n and 20.
5
Suppose 5*y - 549 = q + 71, 3*y = -2*q + 359. Suppose 127*h = y*h + 64. Calculate the highest common factor of h and 80.
16
Let j = -148 + 137. Let u be (-2 - (j/(-3) + -3))*-3. What is the highest common divisor of u and 24?
8
Let y(o) = -8*o - 6. Let i be y(-3). Let t be (i/21)/(-3) - 165/35. Let h(j) = -12*j - 2. Let n be h(t). What is the highest common divisor of n and 87?
29
Suppose -2*i - 324 + 1984 = 0. Let c = i - 494. Calculate the highest common factor of c and 96.
48
Suppose -3*r = -5*y - 149, -105*y = -r - 108*y + 45. Suppose -7*j = -11*j + 1248. What is the greatest common factor of j and r?
24
Suppose -2*h = n - 3120, 116*h - 114*h - 12528 = -4*n. What is the greatest common divisor of n and 2156?
196
Suppose -50 = -3*c + 2*v, -2*c = -3*c + 5*v + 8. What is the highest common factor of c and 128?
2
Let y = 44088 - 44084. Calculate the highest common divisor of y and 19444.
4
Suppose 2*l - 304 = -0*l. Let y be 2 + 1 + 1*l + 0. Suppose 0 = 4*w - 435 + y. Calculate the greatest common divisor of 14 and w.
14
Suppose 43*j - 2362 - 1629 = 825. Calculate the highest common divisor of 1918 and j.
14
Suppose 0 = -3*i - 2*i + 45. Suppose -250*g - 12*g + 16*g + 19926 = 0. Calculate the highest common divisor of g and i.
9
Let j = 6 - -14. Suppose -2*b + 28 = j. Suppose 6*z + b = 28. What is the highest common factor of 4 and z?
4
Let b = -257 - -273. Let s be (-2*6/15)/(b/(-200)). Calculate the highest common divisor of s and 70.
10
Suppose 0*u - 15 = -3*u + 3*w, 35 = 3*u + 2*w. Suppose -53 + u = -2*t. Calculate the highest common divisor of 22 and t.
22
Let n(t) = t**2 - 2*t. Let m be n(-5). Let z = 66727 - 66717. What is the greatest common divisor of z and m?
5
Suppose -4*i + 220 = 4*l - l, -5*l = 3*i - 352. Let f be (9 + (-2156)/(-11))*(-2)/(-5). Let d = f - l. Calculate the highest common factor of 35 and d.
7
Let f(l) = 4*l**2 - 13*l + 34. Suppose 125*p = 129*p - 24. Let x be f(p). What is the greatest common factor of 125 and x?
25
Let t(n) = -47*n - 509. Let h be t(-12). What is the highest common factor of h and 1925?
55
Let v be 4/(-10) - 108/(-20). Suppose r = v*a - 2036, a + 0*a + 3*r = 420. What is the highest common divisor of a and 24?
24
Let p = -10261 + 10303. Calculate the highest common divisor of 7413 and p.
21
Let m(c) = c**2 - c - 5. Let n be m(7). Suppose 0 = 2*q - 8, -10*q = 5*w - 5*q - 865. Suppose n - w = -3*z. Calculate the greatest common factor of 44 and z.
44
Let p = 10945 + -10209. Calculate the greatest common factor of p and 207.
23
Suppose -6 = -2*g, -54*g + 50*g + 210 = 6*p. What is the highest common divisor of p and 79?
1
Let t be -5*322*(-38)/114*45. Calculate the greatest common factor of t and 69.
69
Let c = 7605 + -5260. Suppose -39*d + c = -4*d. What is the greatest common divisor of d and 1?
1
Suppose -25*l + 14864 + 22835 = 4924. Calculate the greatest common factor of l and 1140.
57
Suppose -1797*h = -1783*h - 83776. What is the highest common factor of 935 and h?
187
Let v(m) = 90*m + 642. Let h be v(-6). Let g be (-9)/6*(3 + (0 - 71)). What is the highest common divisor of h and g?
102
Let z(s) = -114*s + 2814. Let y be z(-35). Calculate the highest common divisor of 945 and y.
189
Suppose 0 = 1510*l - 1499*l - 1353. Suppose -6*q = -q - 95. Suppose l = 13*a + q. Calculate the greatest common factor of a and 72.
8
Let d be (-57)/11 + (-4)/(-22). Let y = d + 7. Let n(s) = -2*s**3 + 57*s**2 + 89*s + 32. Let c be n(30). What is the greatest common factor of c and y?
2
Suppose 3*p = -18, 2*l + 4*p - 30786 = 8*p. Calculate the greatest common factor of l and 18.
9
Suppose 0 = -0*r - 3*r + 240. Let u(p) = 5*p - 32. Let v be u(17). Let a = r - v